{"id":3044,"date":"2016-04-11T09:25:56","date_gmt":"2016-04-11T07:25:56","guid":{"rendered":"http:\/\/www.latiendadefotos.com\/producto\/ecce-homo-martes-santo-de-velez-malaga\/"},"modified":"2016-04-11T09:29:02","modified_gmt":"2016-04-11T07:29:02","slug":"ecce-homo-martes-santo-de-velez-malaga","status":"publish","type":"product","link":"https:\/\/www.carloscastrofotografo.com\/tienda\/producto\/ecce-homo-martes-santo-de-velez-malaga\/","title":{"rendered":"Ecce Homo (Martes Santo de V\u00e9lez-M\u00e1laga)"},"content":{"rendered":"<p>Esta fotograf\u00eda vertical se puede comprar en dos acabados:<\/p>\n<ul>\n<li>Papel fotogr\u00e1fico mate de alta calidad para enmarcar<\/li>\n<li>Montada sobre Foam con part\u00edculas de aluminio de 1cm de Grosor (No hace falta enmarcar)<\/li>\n<\/ul>\n<p>Si necesita otro tama\u00f1o o acabado que no aparece en las opciones de compra, puede enviar un correo a info@latiendadefotos.com<\/p>\n","protected":false},"excerpt":{"rendered":"<p>Imagen del Martes\u00a0Santo de 2016<\/p>\n<p>En esta imagen vemos a Nuestro Padre Jes\u00fas en su Presentaci\u00f3n al Pueblo \u00abEcce-Homo\u00bb, avanzando por la avenida Vivar Tellez, para ir a su encuentro con la Virgen de los Dolores y hacer juntos su recorrido procesional.<\/p>\n<p>Al fondo se puede ver La Fortaleza de V\u00e9lez-M\u00e1laga<\/p>\n","protected":false},"featured_media":3053,"comment_status":"open","ping_status":"closed","template":"","meta":[],"product_cat":[56],"product_tag":[140,106,208,143,135,207,107,137,206,120,142,85,141,145,82,139,93,119,209,144,104],"class_list":{"0":"post-3044","1":"product","2":"type-product","3":"status-publish","4":"has-post-thumbnail","6":"product_cat-semanasanta","7":"product_tag-140","8":"product_tag-amarillo","9":"product_tag-avenida","10":"product_tag-blanco","11":"product_tag-cristo","12":"product_tag-ecce-homo","13":"product_tag-green","14":"product_tag-jesucristo","15":"product_tag-martes-santo","16":"product_tag-portrait","17":"product_tag-red","18":"product_tag-retrato","19":"product_tag-rojo","20":"product_tag-santo","21":"product_tag-semana-santa","22":"product_tag-velez-malaga","23":"product_tag-verde","24":"product_tag-vertical","25":"product_tag-vivar-tellez","26":"product_tag-white","27":"product_tag-yellow","29":"first","30":"instock","31":"featured","32":"taxable","33":"shipping-taxable","34":"purchasable","35":"product-type-variable"},"yoast_head":"<!-- This site is optimized with the Yoast SEO plugin v23.5 - https:\/\/yoast.com\/wordpress\/plugins\/seo\/ -->\n<title>Ecce Homo (Martes Santo de V\u00e9lez-M\u00e1laga) - La Tienda de Carlos Castro Fot\u00f3grafo:: Decora con Fotos<\/title>\n<meta name=\"robots\" content=\"index, follow, max-snippet:-1, max-image-preview:large, max-video-preview:-1\" \/>\n<link rel=\"canonical\" href=\"https:\/\/www.carloscastrofotografo.com\/tienda\/producto\/ecce-homo-martes-santo-de-velez-malaga\/\" \/>\n<meta property=\"og:locale\" content=\"es_ES\" \/>\n<meta property=\"og:type\" content=\"article\" \/>\n<meta property=\"og:title\" content=\"Ecce Homo (Martes Santo de V\u00e9lez-M\u00e1laga) - La Tienda de Carlos Castro Fot\u00f3grafo:: Decora con Fotos\" \/>\n<meta property=\"og:description\" content=\"Imagen del Martes\u00a0Santo de 2016  En esta imagen vemos a Nuestro Padre Jes\u00fas en su Presentaci\u00f3n al Pueblo &quot;Ecce-Homo&quot;, avanzando por la avenida Vivar Tellez, para ir a su encuentro con la Virgen de los Dolores y hacer juntos su recorrido procesional.  Al fondo se puede ver La Fortaleza de V\u00e9lez-M\u00e1laga\" \/>\n<meta property=\"og:url\" content=\"https:\/\/www.carloscastrofotografo.com\/tienda\/producto\/ecce-homo-martes-santo-de-velez-malaga\/\" \/>\n<meta property=\"og:site_name\" content=\"La Tienda de Carlos Castro Fot\u00f3grafo:: Decora con Fotos\" \/>\n<meta property=\"article:modified_time\" content=\"2016-04-11T07:29:02+00:00\" \/>\n<meta property=\"og:image\" content=\"https:\/\/www.carloscastrofotografo.com\/tienda\/wp-content\/uploads\/2016\/04\/DSC0348.jpg\" \/>\n\t<meta property=\"og:image:width\" content=\"1000\" \/>\n\t<meta property=\"og:image:height\" content=\"1500\" \/>\n\t<meta property=\"og:image:type\" content=\"image\/jpeg\" \/>\n<meta name=\"twitter:card\" content=\"summary_large_image\" \/>\n<script type=\"application\/ld+json\" class=\"yoast-schema-graph\">{\"@context\":\"https:\/\/schema.org\",\"@graph\":[{\"@type\":\"WebPage\",\"@id\":\"https:\/\/www.carloscastrofotografo.com\/tienda\/producto\/ecce-homo-martes-santo-de-velez-malaga\/\",\"url\":\"https:\/\/www.carloscastrofotografo.com\/tienda\/producto\/ecce-homo-martes-santo-de-velez-malaga\/\",\"name\":\"Ecce Homo (Martes Santo de V\u00e9lez-M\u00e1laga) - La Tienda de Carlos Castro Fot\u00f3grafo:: Decora con Fotos\",\"isPartOf\":{\"@id\":\"https:\/\/www.carloscastrofotografo.com\/tienda\/#website\"},\"primaryImageOfPage\":{\"@id\":\"https:\/\/www.carloscastrofotografo.com\/tienda\/producto\/ecce-homo-martes-santo-de-velez-malaga\/#primaryimage\"},\"image\":{\"@id\":\"https:\/\/www.carloscastrofotografo.com\/tienda\/producto\/ecce-homo-martes-santo-de-velez-malaga\/#primaryimage\"},\"thumbnailUrl\":\"https:\/\/www.carloscastrofotografo.com\/tienda\/wp-content\/uploads\/2016\/04\/DSC0348.jpg\",\"datePublished\":\"2016-04-11T07:25:56+00:00\",\"dateModified\":\"2016-04-11T07:29:02+00:00\",\"breadcrumb\":{\"@id\":\"https:\/\/www.carloscastrofotografo.com\/tienda\/producto\/ecce-homo-martes-santo-de-velez-malaga\/#breadcrumb\"},\"inLanguage\":\"es\",\"potentialAction\":[{\"@type\":\"ReadAction\",\"target\":[\"https:\/\/www.carloscastrofotografo.com\/tienda\/producto\/ecce-homo-martes-santo-de-velez-malaga\/\"]}]},{\"@type\":\"ImageObject\",\"inLanguage\":\"es\",\"@id\":\"https:\/\/www.carloscastrofotografo.com\/tienda\/producto\/ecce-homo-martes-santo-de-velez-malaga\/#primaryimage\",\"url\":\"https:\/\/www.carloscastrofotografo.com\/tienda\/wp-content\/uploads\/2016\/04\/DSC0348.jpg\",\"contentUrl\":\"https:\/\/www.carloscastrofotografo.com\/tienda\/wp-content\/uploads\/2016\/04\/DSC0348.jpg\",\"width\":1000,\"height\":1500},{\"@type\":\"BreadcrumbList\",\"@id\":\"https:\/\/www.carloscastrofotografo.com\/tienda\/producto\/ecce-homo-martes-santo-de-velez-malaga\/#breadcrumb\",\"itemListElement\":[{\"@type\":\"ListItem\",\"position\":1,\"name\":\"Portada\",\"item\":\"https:\/\/www.carloscastrofotografo.com\/tienda\/\"},{\"@type\":\"ListItem\",\"position\":2,\"name\":\"Tienda\",\"item\":\"https:\/\/www.carloscastrofotografo.com\/tienda\/tienda\/\"},{\"@type\":\"ListItem\",\"position\":3,\"name\":\"Ecce Homo (Martes Santo de V\u00e9lez-M\u00e1laga)\"}]},{\"@type\":\"WebSite\",\"@id\":\"https:\/\/www.carloscastrofotografo.com\/tienda\/#website\",\"url\":\"https:\/\/www.carloscastrofotografo.com\/tienda\/\",\"name\":\"La Tienda de Carlos Castro Fot\u00f3grafo:: Decora con Fotos\",\"description\":\"Fotograf\u00edas de Stock para tu web o en papel para decorar, distintos acabados\",\"potentialAction\":[{\"@type\":\"SearchAction\",\"target\":{\"@type\":\"EntryPoint\",\"urlTemplate\":\"https:\/\/www.carloscastrofotografo.com\/tienda\/?s={search_term_string}\"},\"query-input\":{\"@type\":\"PropertyValueSpecification\",\"valueRequired\":true,\"valueName\":\"search_term_string\"}}],\"inLanguage\":\"es\"}]}<\/script>\n<!-- \/ Yoast SEO plugin. -->","yoast_head_json":{"title":"Ecce Homo (Martes Santo de V\u00e9lez-M\u00e1laga) - La Tienda de Carlos Castro Fot\u00f3grafo:: Decora con Fotos","robots":{"index":"index","follow":"follow","max-snippet":"max-snippet:-1","max-image-preview":"max-image-preview:large","max-video-preview":"max-video-preview:-1"},"canonical":"https:\/\/www.carloscastrofotografo.com\/tienda\/producto\/ecce-homo-martes-santo-de-velez-malaga\/","og_locale":"es_ES","og_type":"article","og_title":"Ecce Homo (Martes Santo de V\u00e9lez-M\u00e1laga) - La Tienda de Carlos Castro Fot\u00f3grafo:: Decora con Fotos","og_description":"Imagen del Martes\u00a0Santo de 2016  En esta imagen vemos a Nuestro Padre Jes\u00fas en su Presentaci\u00f3n al Pueblo \"Ecce-Homo\", avanzando por la avenida Vivar Tellez, para ir a su encuentro con la Virgen de los Dolores y hacer juntos su recorrido procesional.  Al fondo se puede ver La Fortaleza de V\u00e9lez-M\u00e1laga","og_url":"https:\/\/www.carloscastrofotografo.com\/tienda\/producto\/ecce-homo-martes-santo-de-velez-malaga\/","og_site_name":"La Tienda de Carlos Castro Fot\u00f3grafo:: Decora con Fotos","article_modified_time":"2016-04-11T07:29:02+00:00","og_image":[{"width":1000,"height":1500,"url":"https:\/\/www.carloscastrofotografo.com\/tienda\/wp-content\/uploads\/2016\/04\/DSC0348.jpg","type":"image\/jpeg"}],"twitter_card":"summary_large_image","schema":{"@context":"https:\/\/schema.org","@graph":[{"@type":"WebPage","@id":"https:\/\/www.carloscastrofotografo.com\/tienda\/producto\/ecce-homo-martes-santo-de-velez-malaga\/","url":"https:\/\/www.carloscastrofotografo.com\/tienda\/producto\/ecce-homo-martes-santo-de-velez-malaga\/","name":"Ecce Homo (Martes Santo de V\u00e9lez-M\u00e1laga) - La Tienda de Carlos Castro Fot\u00f3grafo:: Decora con Fotos","isPartOf":{"@id":"https:\/\/www.carloscastrofotografo.com\/tienda\/#website"},"primaryImageOfPage":{"@id":"https:\/\/www.carloscastrofotografo.com\/tienda\/producto\/ecce-homo-martes-santo-de-velez-malaga\/#primaryimage"},"image":{"@id":"https:\/\/www.carloscastrofotografo.com\/tienda\/producto\/ecce-homo-martes-santo-de-velez-malaga\/#primaryimage"},"thumbnailUrl":"https:\/\/www.carloscastrofotografo.com\/tienda\/wp-content\/uploads\/2016\/04\/DSC0348.jpg","datePublished":"2016-04-11T07:25:56+00:00","dateModified":"2016-04-11T07:29:02+00:00","breadcrumb":{"@id":"https:\/\/www.carloscastrofotografo.com\/tienda\/producto\/ecce-homo-martes-santo-de-velez-malaga\/#breadcrumb"},"inLanguage":"es","potentialAction":[{"@type":"ReadAction","target":["https:\/\/www.carloscastrofotografo.com\/tienda\/producto\/ecce-homo-martes-santo-de-velez-malaga\/"]}]},{"@type":"ImageObject","inLanguage":"es","@id":"https:\/\/www.carloscastrofotografo.com\/tienda\/producto\/ecce-homo-martes-santo-de-velez-malaga\/#primaryimage","url":"https:\/\/www.carloscastrofotografo.com\/tienda\/wp-content\/uploads\/2016\/04\/DSC0348.jpg","contentUrl":"https:\/\/www.carloscastrofotografo.com\/tienda\/wp-content\/uploads\/2016\/04\/DSC0348.jpg","width":1000,"height":1500},{"@type":"BreadcrumbList","@id":"https:\/\/www.carloscastrofotografo.com\/tienda\/producto\/ecce-homo-martes-santo-de-velez-malaga\/#breadcrumb","itemListElement":[{"@type":"ListItem","position":1,"name":"Portada","item":"https:\/\/www.carloscastrofotografo.com\/tienda\/"},{"@type":"ListItem","position":2,"name":"Tienda","item":"https:\/\/www.carloscastrofotografo.com\/tienda\/tienda\/"},{"@type":"ListItem","position":3,"name":"Ecce Homo (Martes Santo de V\u00e9lez-M\u00e1laga)"}]},{"@type":"WebSite","@id":"https:\/\/www.carloscastrofotografo.com\/tienda\/#website","url":"https:\/\/www.carloscastrofotografo.com\/tienda\/","name":"La Tienda de Carlos Castro Fot\u00f3grafo:: Decora con Fotos","description":"Fotograf\u00edas de Stock para tu web o en papel para decorar, distintos acabados","potentialAction":[{"@type":"SearchAction","target":{"@type":"EntryPoint","urlTemplate":"https:\/\/www.carloscastrofotografo.com\/tienda\/?s={search_term_string}"},"query-input":{"@type":"PropertyValueSpecification","valueRequired":true,"valueName":"search_term_string"}}],"inLanguage":"es"}]}},"_links":{"self":[{"href":"https:\/\/www.carloscastrofotografo.com\/tienda\/wp-json\/wp\/v2\/product\/3044","targetHints":{"allow":["GET"]}}],"collection":[{"href":"https:\/\/www.carloscastrofotografo.com\/tienda\/wp-json\/wp\/v2\/product"}],"about":[{"href":"https:\/\/www.carloscastrofotografo.com\/tienda\/wp-json\/wp\/v2\/types\/product"}],"replies":[{"embeddable":true,"href":"https:\/\/www.carloscastrofotografo.com\/tienda\/wp-json\/wp\/v2\/comments?post=3044"}],"wp:featuredmedia":[{"embeddable":true,"href":"https:\/\/www.carloscastrofotografo.com\/tienda\/wp-json\/wp\/v2\/media\/3053"}],"wp:attachment":[{"href":"https:\/\/www.carloscastrofotografo.com\/tienda\/wp-json\/wp\/v2\/media?parent=3044"}],"wp:term":[{"taxonomy":"product_cat","embeddable":true,"href":"https:\/\/www.carloscastrofotografo.com\/tienda\/wp-json\/wp\/v2\/product_cat?post=3044"},{"taxonomy":"product_tag","embeddable":true,"href":"https:\/\/www.carloscastrofotografo.com\/tienda\/wp-json\/wp\/v2\/product_tag?post=3044"}],"curies":[{"name":"wp","href":"https:\/\/api.w.org\/{rel}","templated":true}]}}

Ecce Homo (Martes Santo de Vélez-Málaga)

<p>Esta fotografía vertical se puede comprar en dos acabados:</p>
<ul>
<li>Papel fotográfico mate de alta calidad para enmarcar</li>
<li>Montada sobre Foam con partículas de aluminio de 1cm de Grosor (No hace falta enmarcar)</li>
</ul>
<p>Si necesita otro tamaño o acabado que no aparece en las opciones de compra, puede enviar un correo a info@latiendadefotos.com</p>

<p>Imagen del Martes Santo de 2016</p>
<p>En esta imagen vemos a Nuestro Padre Jesús en su Presentación al Pueblo «Ecce-Homo», avanzando por la avenida Vivar Tellez, para ir a su encuentro con la Virgen de los Dolores y hacer juntos su recorrido procesional.</p>
<p>Al fondo se puede ver La Fortaleza de Vélez-Málaga</p>

<!-- This site is optimized with the Yoast SEO plugin v23.5 - https://yoast.com/wordpress/plugins/seo/ -->
<title>Ecce Homo (Martes Santo de Vélez-Málaga) - La Tienda de Carlos Castro Fotógrafo:: Decora con Fotos</title>
<meta name="robots" content="index, follow, max-snippet:-1, max-image-preview:large, max-video-preview:-1" />
<link rel="canonical" href="https://www.carloscastrofotografo.com/tienda/producto/ecce-homo-martes-santo-de-velez-malaga/" />
<meta property="og:locale" content="es_ES" />
<meta property="og:type" content="article" />
<meta property="og:title" content="Ecce Homo (Martes Santo de Vélez-Málaga) - La Tienda de Carlos Castro Fotógrafo:: Decora con Fotos" />
<meta property="og:description" content="Imagen del Martes Santo de 2016  En esta imagen vemos a Nuestro Padre Jesús en su Presentación al Pueblo &quot;Ecce-Homo&quot;, avanzando por la avenida Vivar Tellez, para ir a su encuentro con la Virgen de los Dolores y hacer juntos su recorrido procesional.  Al fondo se puede ver La Fortaleza de Vélez-Málaga" />
<meta property="og:url" content="https://www.carloscastrofotografo.com/tienda/producto/ecce-homo-martes-santo-de-velez-malaga/" />
<meta property="og:site_name" content="La Tienda de Carlos Castro Fotógrafo:: Decora con Fotos" />
<meta property="article:modified_time" content="2016-04-11T07:29:02+00:00" />
<meta property="og:image" content="https://www.carloscastrofotografo.com/tienda/wp-content/uploads/2016/04/DSC0348.jpg" />
	<meta property="og:image:width" content="1000" />
	<meta property="og:image:height" content="1500" />
	<meta property="og:image:type" content="image/jpeg" />
<meta name="twitter:card" content="summary_large_image" />
<script type="application/ld+json" class="yoast-schema-graph">{"@context":"https://schema.org","@graph":[{"@type":"WebPage","@id":"https://www.carloscastrofotografo.com/tienda/producto/ecce-homo-martes-santo-de-velez-malaga/","url":"https://www.carloscastrofotografo.com/tienda/producto/ecce-homo-martes-santo-de-velez-malaga/","name":"Ecce Homo (Martes Santo de Vélez-Málaga) - La Tienda de Carlos Castro Fotógrafo:: Decora con Fotos","isPartOf":{"@id":"https://www.carloscastrofotografo.com/tienda/#website"},"primaryImageOfPage":{"@id":"https://www.carloscastrofotografo.com/tienda/producto/ecce-homo-martes-santo-de-velez-malaga/#primaryimage"},"image":{"@id":"https://www.carloscastrofotografo.com/tienda/producto/ecce-homo-martes-santo-de-velez-malaga/#primaryimage"},"thumbnailUrl":"https://www.carloscastrofotografo.com/tienda/wp-content/uploads/2016/04/DSC0348.jpg","datePublished":"2016-04-11T07:25:56+00:00","dateModified":"2016-04-11T07:29:02+00:00","breadcrumb":{"@id":"https://www.carloscastrofotografo.com/tienda/producto/ecce-homo-martes-santo-de-velez-malaga/#breadcrumb"},"inLanguage":"es","potentialAction":[{"@type":"ReadAction","target":["https://www.carloscastrofotografo.com/tienda/producto/ecce-homo-martes-santo-de-velez-malaga/"]}]},{"@type":"ImageObject","inLanguage":"es","@id":"https://www.carloscastrofotografo.com/tienda/producto/ecce-homo-martes-santo-de-velez-malaga/#primaryimage","url":"https://www.carloscastrofotografo.com/tienda/wp-content/uploads/2016/04/DSC0348.jpg","contentUrl":"https://www.carloscastrofotografo.com/tienda/wp-content/uploads/2016/04/DSC0348.jpg","width":1000,"height":1500},{"@type":"BreadcrumbList","@id":"https://www.carloscastrofotografo.com/tienda/producto/ecce-homo-martes-santo-de-velez-malaga/#breadcrumb","itemListElement":[{"@type":"ListItem","position":1,"name":"Portada","item":"https://www.carloscastrofotografo.com/tienda/"},{"@type":"ListItem","position":2,"name":"Tienda","item":"https://www.carloscastrofotografo.com/tienda/tienda/"},{"@type":"ListItem","position":3,"name":"Ecce Homo (Martes Santo de Vélez-Málaga)"}]},{"@type":"WebSite","@id":"https://www.carloscastrofotografo.com/tienda/#website","url":"https://www.carloscastrofotografo.com/tienda/","name":"La Tienda de Carlos Castro Fotógrafo:: Decora con Fotos","description":"Fotografías de Stock para tu web o en papel para decorar, distintos acabados","potentialAction":[{"@type":"SearchAction","target":{"@type":"EntryPoint","urlTemplate":"https://www.carloscastrofotografo.com/tienda/?s={search_term_string}"},"query-input":{"@type":"PropertyValueSpecification","valueRequired":true,"valueName":"search_term_string"}}],"inLanguage":"es"}]}</script>
<!-- / Yoast SEO plugin. -->

Ecce Homo (Martes Santo de Vélez-Málaga) - La Tienda de Carlos Castro Fotógrafo:: Decora con Fotos

Imagen del Martes Santo de 2016  En esta imagen vemos a Nuestro Padre Jesús en su Presentación al Pueblo "Ecce-Homo", avanzando por la avenida Vivar Tellez, para ir a su encuentro con la Virgen de los Dolores y hacer juntos su recorrido procesional.  Al fondo se puede ver La Fortaleza de Vélez-Málaga

La Tienda de Carlos Castro Fotógrafo:: Decora con Fotos

Fotografías de Stock para tu web o en papel para decorar, distintos acabados
