{"id":3034,"date":"2016-04-11T09:17:43","date_gmt":"2016-04-11T07:17:43","guid":{"rendered":"http:\/\/www.latiendadefotos.com\/producto\/los-oscuros-cielos-de-la-sierra-de-cazorla-via-lactea\/"},"modified":"2016-04-11T09:31:36","modified_gmt":"2016-04-11T07:31:36","slug":"los-oscuros-cielos-de-la-sierra-de-cazorla-via-lactea","status":"publish","type":"product","link":"https:\/\/www.carloscastrofotografo.com\/tienda\/producto\/los-oscuros-cielos-de-la-sierra-de-cazorla-via-lactea\/","title":{"rendered":"Los oscuros cielos de la Sierra de Cazorla (V\u00eda L\u00e1ctea)"},"content":{"rendered":"<p>Esta fotograf\u00eda vertical\u00a0se puede comprar en dos acabados:<\/p>\n<ul>\n<li>Papel fotogr\u00e1fico mate de alta calidad para enmarcar<\/li>\n<li>Montada sobre Foam con part\u00edculas de aluminio de 1cm de Grosor (No hace falta enmarcar)<\/li>\n<\/ul>\n<p>Si necesita otro tama\u00f1o o acabado que no aparece en las opciones de compra, puede enviar un correo a info@latiendadefotos.com o haciendo click en el apartado contactar y rellenando el formulario.<\/p>\n","protected":false},"excerpt":{"rendered":"<p>EL cielo nocturno de Sierra de Cazorla es una aut\u00e9ntica maravilla&#8230; Sin contaminaci\u00f3n lum\u00ednica, se ve la V\u00eda l\u00e1ctea a simple vista sin esfuerzo.<\/p>\n","protected":false},"featured_media":3043,"comment_status":"open","ping_status":"closed","template":"","meta":[],"product_cat":[42,46,40],"product_tag":[106,204,73,102,103,131,101,100,120,133,72,205,119,130,132,104],"class_list":{"0":"post-3034","1":"product","2":"type-product","3":"status-publish","4":"has-post-thumbnail","6":"product_cat-astronomia","7":"product_cat-nocturna","8":"product_cat-paisajes","9":"product_tag-amarillo","10":"product_tag-arbol","11":"product_tag-cielo","12":"product_tag-larga-exposicion","13":"product_tag-long-exposure","14":"product_tag-milky-way","15":"product_tag-night","16":"product_tag-nocturna","17":"product_tag-portrait","18":"product_tag-purple","19":"product_tag-sky","20":"product_tag-tree","21":"product_tag-vertical","22":"product_tag-via-lactea","23":"product_tag-violeta","24":"product_tag-yellow","26":"first","27":"instock","28":"featured","29":"taxable","30":"shipping-taxable","31":"purchasable","32":"product-type-variable"},"yoast_head":"<!-- This site is optimized with the Yoast SEO plugin v23.5 - https:\/\/yoast.com\/wordpress\/plugins\/seo\/ -->\n<title>Los oscuros cielos de la Sierra de Cazorla (V\u00eda L\u00e1ctea) - La Tienda de Carlos Castro Fot\u00f3grafo:: Decora con Fotos<\/title>\n<meta name=\"robots\" content=\"index, follow, max-snippet:-1, max-image-preview:large, max-video-preview:-1\" \/>\n<link rel=\"canonical\" href=\"https:\/\/www.carloscastrofotografo.com\/tienda\/producto\/los-oscuros-cielos-de-la-sierra-de-cazorla-via-lactea\/\" \/>\n<meta property=\"og:locale\" content=\"es_ES\" \/>\n<meta property=\"og:type\" content=\"article\" \/>\n<meta property=\"og:title\" content=\"Los oscuros cielos de la Sierra de Cazorla (V\u00eda L\u00e1ctea) - La Tienda de Carlos Castro Fot\u00f3grafo:: Decora con Fotos\" \/>\n<meta property=\"og:description\" content=\"EL cielo nocturno de Sierra de Cazorla es una aut\u00e9ntica maravilla... Sin contaminaci\u00f3n lum\u00ednica, se ve la V\u00eda l\u00e1ctea a simple vista sin esfuerzo.\" \/>\n<meta property=\"og:url\" content=\"https:\/\/www.carloscastrofotografo.com\/tienda\/producto\/los-oscuros-cielos-de-la-sierra-de-cazorla-via-lactea\/\" \/>\n<meta property=\"og:site_name\" content=\"La Tienda de Carlos Castro Fot\u00f3grafo:: Decora con Fotos\" \/>\n<meta property=\"article:modified_time\" content=\"2016-04-11T07:31:36+00:00\" \/>\n<meta property=\"og:image\" content=\"https:\/\/www.carloscastrofotografo.com\/tienda\/wp-content\/uploads\/2016\/04\/DSC4865.jpg\" \/>\n\t<meta property=\"og:image:width\" content=\"1002\" \/>\n\t<meta property=\"og:image:height\" content=\"1500\" \/>\n\t<meta property=\"og:image:type\" content=\"image\/jpeg\" \/>\n<meta name=\"twitter:card\" content=\"summary_large_image\" \/>\n<script type=\"application\/ld+json\" class=\"yoast-schema-graph\">{\"@context\":\"https:\/\/schema.org\",\"@graph\":[{\"@type\":\"WebPage\",\"@id\":\"https:\/\/www.carloscastrofotografo.com\/tienda\/producto\/los-oscuros-cielos-de-la-sierra-de-cazorla-via-lactea\/\",\"url\":\"https:\/\/www.carloscastrofotografo.com\/tienda\/producto\/los-oscuros-cielos-de-la-sierra-de-cazorla-via-lactea\/\",\"name\":\"Los oscuros cielos de la Sierra de Cazorla (V\u00eda L\u00e1ctea) - La Tienda de Carlos Castro Fot\u00f3grafo:: Decora con Fotos\",\"isPartOf\":{\"@id\":\"https:\/\/www.carloscastrofotografo.com\/tienda\/#website\"},\"primaryImageOfPage\":{\"@id\":\"https:\/\/www.carloscastrofotografo.com\/tienda\/producto\/los-oscuros-cielos-de-la-sierra-de-cazorla-via-lactea\/#primaryimage\"},\"image\":{\"@id\":\"https:\/\/www.carloscastrofotografo.com\/tienda\/producto\/los-oscuros-cielos-de-la-sierra-de-cazorla-via-lactea\/#primaryimage\"},\"thumbnailUrl\":\"https:\/\/www.carloscastrofotografo.com\/tienda\/wp-content\/uploads\/2016\/04\/DSC4865.jpg\",\"datePublished\":\"2016-04-11T07:17:43+00:00\",\"dateModified\":\"2016-04-11T07:31:36+00:00\",\"breadcrumb\":{\"@id\":\"https:\/\/www.carloscastrofotografo.com\/tienda\/producto\/los-oscuros-cielos-de-la-sierra-de-cazorla-via-lactea\/#breadcrumb\"},\"inLanguage\":\"es\",\"potentialAction\":[{\"@type\":\"ReadAction\",\"target\":[\"https:\/\/www.carloscastrofotografo.com\/tienda\/producto\/los-oscuros-cielos-de-la-sierra-de-cazorla-via-lactea\/\"]}]},{\"@type\":\"ImageObject\",\"inLanguage\":\"es\",\"@id\":\"https:\/\/www.carloscastrofotografo.com\/tienda\/producto\/los-oscuros-cielos-de-la-sierra-de-cazorla-via-lactea\/#primaryimage\",\"url\":\"https:\/\/www.carloscastrofotografo.com\/tienda\/wp-content\/uploads\/2016\/04\/DSC4865.jpg\",\"contentUrl\":\"https:\/\/www.carloscastrofotografo.com\/tienda\/wp-content\/uploads\/2016\/04\/DSC4865.jpg\",\"width\":1002,\"height\":1500},{\"@type\":\"BreadcrumbList\",\"@id\":\"https:\/\/www.carloscastrofotografo.com\/tienda\/producto\/los-oscuros-cielos-de-la-sierra-de-cazorla-via-lactea\/#breadcrumb\",\"itemListElement\":[{\"@type\":\"ListItem\",\"position\":1,\"name\":\"Portada\",\"item\":\"https:\/\/www.carloscastrofotografo.com\/tienda\/\"},{\"@type\":\"ListItem\",\"position\":2,\"name\":\"Tienda\",\"item\":\"https:\/\/www.carloscastrofotografo.com\/tienda\/tienda\/\"},{\"@type\":\"ListItem\",\"position\":3,\"name\":\"Los oscuros cielos de la Sierra de Cazorla (V\u00eda L\u00e1ctea)\"}]},{\"@type\":\"WebSite\",\"@id\":\"https:\/\/www.carloscastrofotografo.com\/tienda\/#website\",\"url\":\"https:\/\/www.carloscastrofotografo.com\/tienda\/\",\"name\":\"La Tienda de Carlos Castro Fot\u00f3grafo:: Decora con Fotos\",\"description\":\"Fotograf\u00edas de Stock para tu web o en papel para decorar, distintos acabados\",\"potentialAction\":[{\"@type\":\"SearchAction\",\"target\":{\"@type\":\"EntryPoint\",\"urlTemplate\":\"https:\/\/www.carloscastrofotografo.com\/tienda\/?s={search_term_string}\"},\"query-input\":{\"@type\":\"PropertyValueSpecification\",\"valueRequired\":true,\"valueName\":\"search_term_string\"}}],\"inLanguage\":\"es\"}]}<\/script>\n<!-- \/ Yoast SEO plugin. -->","yoast_head_json":{"title":"Los oscuros cielos de la Sierra de Cazorla (V\u00eda L\u00e1ctea) - La Tienda de Carlos Castro Fot\u00f3grafo:: Decora con Fotos","robots":{"index":"index","follow":"follow","max-snippet":"max-snippet:-1","max-image-preview":"max-image-preview:large","max-video-preview":"max-video-preview:-1"},"canonical":"https:\/\/www.carloscastrofotografo.com\/tienda\/producto\/los-oscuros-cielos-de-la-sierra-de-cazorla-via-lactea\/","og_locale":"es_ES","og_type":"article","og_title":"Los oscuros cielos de la Sierra de Cazorla (V\u00eda L\u00e1ctea) - La Tienda de Carlos Castro Fot\u00f3grafo:: Decora con Fotos","og_description":"EL cielo nocturno de Sierra de Cazorla es una aut\u00e9ntica maravilla... Sin contaminaci\u00f3n lum\u00ednica, se ve la V\u00eda l\u00e1ctea a simple vista sin esfuerzo.","og_url":"https:\/\/www.carloscastrofotografo.com\/tienda\/producto\/los-oscuros-cielos-de-la-sierra-de-cazorla-via-lactea\/","og_site_name":"La Tienda de Carlos Castro Fot\u00f3grafo:: Decora con Fotos","article_modified_time":"2016-04-11T07:31:36+00:00","og_image":[{"width":1002,"height":1500,"url":"https:\/\/www.carloscastrofotografo.com\/tienda\/wp-content\/uploads\/2016\/04\/DSC4865.jpg","type":"image\/jpeg"}],"twitter_card":"summary_large_image","schema":{"@context":"https:\/\/schema.org","@graph":[{"@type":"WebPage","@id":"https:\/\/www.carloscastrofotografo.com\/tienda\/producto\/los-oscuros-cielos-de-la-sierra-de-cazorla-via-lactea\/","url":"https:\/\/www.carloscastrofotografo.com\/tienda\/producto\/los-oscuros-cielos-de-la-sierra-de-cazorla-via-lactea\/","name":"Los oscuros cielos de la Sierra de Cazorla (V\u00eda L\u00e1ctea) - La Tienda de Carlos Castro Fot\u00f3grafo:: Decora con Fotos","isPartOf":{"@id":"https:\/\/www.carloscastrofotografo.com\/tienda\/#website"},"primaryImageOfPage":{"@id":"https:\/\/www.carloscastrofotografo.com\/tienda\/producto\/los-oscuros-cielos-de-la-sierra-de-cazorla-via-lactea\/#primaryimage"},"image":{"@id":"https:\/\/www.carloscastrofotografo.com\/tienda\/producto\/los-oscuros-cielos-de-la-sierra-de-cazorla-via-lactea\/#primaryimage"},"thumbnailUrl":"https:\/\/www.carloscastrofotografo.com\/tienda\/wp-content\/uploads\/2016\/04\/DSC4865.jpg","datePublished":"2016-04-11T07:17:43+00:00","dateModified":"2016-04-11T07:31:36+00:00","breadcrumb":{"@id":"https:\/\/www.carloscastrofotografo.com\/tienda\/producto\/los-oscuros-cielos-de-la-sierra-de-cazorla-via-lactea\/#breadcrumb"},"inLanguage":"es","potentialAction":[{"@type":"ReadAction","target":["https:\/\/www.carloscastrofotografo.com\/tienda\/producto\/los-oscuros-cielos-de-la-sierra-de-cazorla-via-lactea\/"]}]},{"@type":"ImageObject","inLanguage":"es","@id":"https:\/\/www.carloscastrofotografo.com\/tienda\/producto\/los-oscuros-cielos-de-la-sierra-de-cazorla-via-lactea\/#primaryimage","url":"https:\/\/www.carloscastrofotografo.com\/tienda\/wp-content\/uploads\/2016\/04\/DSC4865.jpg","contentUrl":"https:\/\/www.carloscastrofotografo.com\/tienda\/wp-content\/uploads\/2016\/04\/DSC4865.jpg","width":1002,"height":1500},{"@type":"BreadcrumbList","@id":"https:\/\/www.carloscastrofotografo.com\/tienda\/producto\/los-oscuros-cielos-de-la-sierra-de-cazorla-via-lactea\/#breadcrumb","itemListElement":[{"@type":"ListItem","position":1,"name":"Portada","item":"https:\/\/www.carloscastrofotografo.com\/tienda\/"},{"@type":"ListItem","position":2,"name":"Tienda","item":"https:\/\/www.carloscastrofotografo.com\/tienda\/tienda\/"},{"@type":"ListItem","position":3,"name":"Los oscuros cielos de la Sierra de Cazorla (V\u00eda L\u00e1ctea)"}]},{"@type":"WebSite","@id":"https:\/\/www.carloscastrofotografo.com\/tienda\/#website","url":"https:\/\/www.carloscastrofotografo.com\/tienda\/","name":"La Tienda de Carlos Castro Fot\u00f3grafo:: Decora con Fotos","description":"Fotograf\u00edas de Stock para tu web o en papel para decorar, distintos acabados","potentialAction":[{"@type":"SearchAction","target":{"@type":"EntryPoint","urlTemplate":"https:\/\/www.carloscastrofotografo.com\/tienda\/?s={search_term_string}"},"query-input":{"@type":"PropertyValueSpecification","valueRequired":true,"valueName":"search_term_string"}}],"inLanguage":"es"}]}},"_links":{"self":[{"href":"https:\/\/www.carloscastrofotografo.com\/tienda\/wp-json\/wp\/v2\/product\/3034","targetHints":{"allow":["GET"]}}],"collection":[{"href":"https:\/\/www.carloscastrofotografo.com\/tienda\/wp-json\/wp\/v2\/product"}],"about":[{"href":"https:\/\/www.carloscastrofotografo.com\/tienda\/wp-json\/wp\/v2\/types\/product"}],"replies":[{"embeddable":true,"href":"https:\/\/www.carloscastrofotografo.com\/tienda\/wp-json\/wp\/v2\/comments?post=3034"}],"wp:featuredmedia":[{"embeddable":true,"href":"https:\/\/www.carloscastrofotografo.com\/tienda\/wp-json\/wp\/v2\/media\/3043"}],"wp:attachment":[{"href":"https:\/\/www.carloscastrofotografo.com\/tienda\/wp-json\/wp\/v2\/media?parent=3034"}],"wp:term":[{"taxonomy":"product_cat","embeddable":true,"href":"https:\/\/www.carloscastrofotografo.com\/tienda\/wp-json\/wp\/v2\/product_cat?post=3034"},{"taxonomy":"product_tag","embeddable":true,"href":"https:\/\/www.carloscastrofotografo.com\/tienda\/wp-json\/wp\/v2\/product_tag?post=3034"}],"curies":[{"name":"wp","href":"https:\/\/api.w.org\/{rel}","templated":true}]}}